{"id":1340,"date":"2024-06-03T14:31:47","date_gmt":"2024-06-03T13:31:47","guid":{"rendered":"https:\/\/deafblindness.info\/?post_type=resource&#038;p=1340"},"modified":"2025-01-07T11:02:49","modified_gmt":"2025-01-07T11:02:49","slug":"memoria-anual-2023","status":"publish","type":"resource","link":"https:\/\/deafblindness.info\/es\/resource\/memoria-anual-2023\/","title":{"rendered":"Memoria Anual 2023"},"content":{"rendered":"\n<p>El documento hace un recuento de los logros alcanzados durante el a\u00f1o 2023, destacando la finalizaci\u00f3n exitosa de proyectos educativos financiados por diversas organizaciones. Estos logros han permitido la continuaci\u00f3n de colaboraciones con donantes clave, adem\u00e1s de la aprobaci\u00f3n de nuevas fases de proyectos que se iniciar\u00e1n en 2023 y 2024. Tambi\u00e9n se resalta el impacto de campa\u00f1as de concientizaci\u00f3n y el reconocimiento de importantes instituciones por el trabajo realizado en pro de los derechos de las personas con sordoceguera.\u00a0<\/p>\n","protected":false},"excerpt":{"rendered":"<p>Lea sobre los logros de Sense International Per\u00fa en 2023, destacando el \u00e9xito de diversos proyectos y actividades.<\/p>\n","protected":false},"featured_media":0,"template":"","resource_cats":[48,50],"countries":[292],"class_list":["post-1340","resource","type-resource","status-publish","hentry","resource_cats-recursos-de-formacion","resource_cats-sobre-la-sordoceguera","countries-peru-es"],"acf":[],"yoast_head":"<!-- This site is optimized with the Yoast SEO plugin v26.9 - https:\/\/yoast.com\/product\/yoast-seo-wordpress\/ -->\n<title>Memoria Anual 2023 - Global Deafblindness Resource Hub<\/title>\n<meta name=\"robots\" content=\"index, follow, max-snippet:-1, max-image-preview:large, max-video-preview:-1\" \/>\n<link rel=\"canonical\" href=\"https:\/\/deafblindness.info\/es\/resource\/memoria-anual-2023\/\" \/>\n<meta property=\"og:locale\" content=\"es_ES\" \/>\n<meta property=\"og:type\" content=\"article\" \/>\n<meta property=\"og:title\" content=\"Memoria Anual 2023 - Global Deafblindness Resource Hub\" \/>\n<meta property=\"og:description\" content=\"Lea sobre los logros de Sense International Per\u00fa en 2023, destacando el \u00e9xito de diversos proyectos y actividades.\" \/>\n<meta property=\"og:url\" content=\"https:\/\/deafblindness.info\/es\/resource\/memoria-anual-2023\/\" \/>\n<meta property=\"og:site_name\" content=\"Global Deafblindness Resource Hub\" \/>\n<meta property=\"article:modified_time\" content=\"2025-01-07T11:02:49+00:00\" \/>\n<meta name=\"twitter:card\" content=\"summary_large_image\" \/>\n<script type=\"application\/ld+json\" class=\"yoast-schema-graph\">{\"@context\":\"https:\/\/schema.org\",\"@graph\":[{\"@type\":\"WebPage\",\"@id\":\"https:\/\/deafblindness.info\/es\/resource\/memoria-anual-2023\/\",\"url\":\"https:\/\/deafblindness.info\/es\/resource\/memoria-anual-2023\/\",\"name\":\"Memoria Anual 2023 - Global Deafblindness Resource Hub\",\"isPartOf\":{\"@id\":\"https:\/\/deafblindness.info\/es\/#website\"},\"datePublished\":\"2024-06-03T13:31:47+00:00\",\"dateModified\":\"2025-01-07T11:02:49+00:00\",\"breadcrumb\":{\"@id\":\"https:\/\/deafblindness.info\/es\/resource\/memoria-anual-2023\/#breadcrumb\"},\"inLanguage\":\"es\",\"potentialAction\":[{\"@type\":\"ReadAction\",\"target\":[\"https:\/\/deafblindness.info\/es\/resource\/memoria-anual-2023\/\"]}]},{\"@type\":\"BreadcrumbList\",\"@id\":\"https:\/\/deafblindness.info\/es\/resource\/memoria-anual-2023\/#breadcrumb\",\"itemListElement\":[{\"@type\":\"ListItem\",\"position\":1,\"name\":\"Home\",\"item\":\"https:\/\/deafblindness.info\/es\/\"},{\"@type\":\"ListItem\",\"position\":2,\"name\":\"Memoria Anual 2023\"}]},{\"@type\":\"WebSite\",\"@id\":\"https:\/\/deafblindness.info\/es\/#website\",\"url\":\"https:\/\/deafblindness.info\/es\/\",\"name\":\"Global Deafblindness Resource Hub\",\"description\":\"Connecting people with deafblindness to the world around them\",\"publisher\":{\"@id\":\"https:\/\/deafblindness.info\/es\/#organization\"},\"potentialAction\":[{\"@type\":\"SearchAction\",\"target\":{\"@type\":\"EntryPoint\",\"urlTemplate\":\"https:\/\/deafblindness.info\/es\/?s={search_term_string}\"},\"query-input\":{\"@type\":\"PropertyValueSpecification\",\"valueRequired\":true,\"valueName\":\"search_term_string\"}}],\"inLanguage\":\"es\"},{\"@type\":\"Organization\",\"@id\":\"https:\/\/deafblindness.info\/es\/#organization\",\"name\":\"Global Deafblindness Resource Hub\",\"url\":\"https:\/\/deafblindness.info\/es\/\",\"logo\":{\"@type\":\"ImageObject\",\"inLanguage\":\"es\",\"@id\":\"https:\/\/deafblindness.info\/es\/#\/schema\/logo\/image\/\",\"url\":\"https:\/\/deafblindness.info\/wp-content\/uploads\/2024\/09\/logo-icon.svg\",\"contentUrl\":\"https:\/\/deafblindness.info\/wp-content\/uploads\/2024\/09\/logo-icon.svg\",\"width\":50,\"height\":50,\"caption\":\"Global Deafblindness Resource Hub\"},\"image\":{\"@id\":\"https:\/\/deafblindness.info\/es\/#\/schema\/logo\/image\/\"}}]}<\/script>\n<!-- \/ Yoast SEO plugin. -->","yoast_head_json":{"title":"Memoria Anual 2023 - Global Deafblindness Resource Hub","robots":{"index":"index","follow":"follow","max-snippet":"max-snippet:-1","max-image-preview":"max-image-preview:large","max-video-preview":"max-video-preview:-1"},"canonical":"https:\/\/deafblindness.info\/es\/resource\/memoria-anual-2023\/","og_locale":"es_ES","og_type":"article","og_title":"Memoria Anual 2023 - Global Deafblindness Resource Hub","og_description":"Lea sobre los logros de Sense International Per\u00fa en 2023, destacando el \u00e9xito de diversos proyectos y actividades.","og_url":"https:\/\/deafblindness.info\/es\/resource\/memoria-anual-2023\/","og_site_name":"Global Deafblindness Resource Hub","article_modified_time":"2025-01-07T11:02:49+00:00","twitter_card":"summary_large_image","schema":{"@context":"https:\/\/schema.org","@graph":[{"@type":"WebPage","@id":"https:\/\/deafblindness.info\/es\/resource\/memoria-anual-2023\/","url":"https:\/\/deafblindness.info\/es\/resource\/memoria-anual-2023\/","name":"Memoria Anual 2023 - Global Deafblindness Resource Hub","isPartOf":{"@id":"https:\/\/deafblindness.info\/es\/#website"},"datePublished":"2024-06-03T13:31:47+00:00","dateModified":"2025-01-07T11:02:49+00:00","breadcrumb":{"@id":"https:\/\/deafblindness.info\/es\/resource\/memoria-anual-2023\/#breadcrumb"},"inLanguage":"es","potentialAction":[{"@type":"ReadAction","target":["https:\/\/deafblindness.info\/es\/resource\/memoria-anual-2023\/"]}]},{"@type":"BreadcrumbList","@id":"https:\/\/deafblindness.info\/es\/resource\/memoria-anual-2023\/#breadcrumb","itemListElement":[{"@type":"ListItem","position":1,"name":"Home","item":"https:\/\/deafblindness.info\/es\/"},{"@type":"ListItem","position":2,"name":"Memoria Anual 2023"}]},{"@type":"WebSite","@id":"https:\/\/deafblindness.info\/es\/#website","url":"https:\/\/deafblindness.info\/es\/","name":"Global Deafblindness Resource Hub","description":"Connecting people with deafblindness to the world around them","publisher":{"@id":"https:\/\/deafblindness.info\/es\/#organization"},"potentialAction":[{"@type":"SearchAction","target":{"@type":"EntryPoint","urlTemplate":"https:\/\/deafblindness.info\/es\/?s={search_term_string}"},"query-input":{"@type":"PropertyValueSpecification","valueRequired":true,"valueName":"search_term_string"}}],"inLanguage":"es"},{"@type":"Organization","@id":"https:\/\/deafblindness.info\/es\/#organization","name":"Global Deafblindness Resource Hub","url":"https:\/\/deafblindness.info\/es\/","logo":{"@type":"ImageObject","inLanguage":"es","@id":"https:\/\/deafblindness.info\/es\/#\/schema\/logo\/image\/","url":"https:\/\/deafblindness.info\/wp-content\/uploads\/2024\/09\/logo-icon.svg","contentUrl":"https:\/\/deafblindness.info\/wp-content\/uploads\/2024\/09\/logo-icon.svg","width":50,"height":50,"caption":"Global Deafblindness Resource Hub"},"image":{"@id":"https:\/\/deafblindness.info\/es\/#\/schema\/logo\/image\/"}}]}},"_links":{"self":[{"href":"https:\/\/deafblindness.info\/es\/wp-json\/wp\/v2\/resource\/1340","targetHints":{"allow":["GET"]}}],"collection":[{"href":"https:\/\/deafblindness.info\/es\/wp-json\/wp\/v2\/resource"}],"about":[{"href":"https:\/\/deafblindness.info\/es\/wp-json\/wp\/v2\/types\/resource"}],"version-history":[{"count":0,"href":"https:\/\/deafblindness.info\/es\/wp-json\/wp\/v2\/resource\/1340\/revisions"}],"wp:attachment":[{"href":"https:\/\/deafblindness.info\/es\/wp-json\/wp\/v2\/media?parent=1340"}],"wp:term":[{"taxonomy":"resource_cats","embeddable":true,"href":"https:\/\/deafblindness.info\/es\/wp-json\/wp\/v2\/resource_cats?post=1340"},{"taxonomy":"countries","embeddable":true,"href":"https:\/\/deafblindness.info\/es\/wp-json\/wp\/v2\/countries?post=1340"}],"curies":[{"name":"wp","href":"https:\/\/api.w.org\/{rel}","templated":true}]}}

<p>El documento hace un recuento de los logros alcanzados durante el año 2023, destacando la finalización exitosa de proyectos educativos financiados por diversas organizaciones. Estos logros han permitido la continuación de colaboraciones con donantes clave, además de la aprobación de nuevas fases de proyectos que se iniciarán en 2023 y 2024. También se resalta el impacto de campañas de concientización y el reconocimiento de importantes instituciones por el trabajo realizado en pro de los derechos de las personas con sordoceguera. </p>

<p>Lea sobre los logros de Sense International Perú en 2023, destacando el éxito de diversos proyectos y actividades.</p>

<!-- This site is optimized with the Yoast SEO plugin v26.9 - https://yoast.com/product/yoast-seo-wordpress/ -->
<title>Memoria Anual 2023 - Global Deafblindness Resource Hub</title>
<meta name="robots" content="index, follow, max-snippet:-1, max-image-preview:large, max-video-preview:-1" />
<link rel="canonical" href="https://deafblindness.info/es/resource/memoria-anual-2023/" />
<meta property="og:locale" content="es_ES" />
<meta property="og:type" content="article" />
<meta property="og:title" content="Memoria Anual 2023 - Global Deafblindness Resource Hub" />
<meta property="og:description" content="Lea sobre los logros de Sense International Perú en 2023, destacando el éxito de diversos proyectos y actividades." />
<meta property="og:url" content="https://deafblindness.info/es/resource/memoria-anual-2023/" />
<meta property="og:site_name" content="Global Deafblindness Resource Hub" />
<meta property="article:modified_time" content="2025-01-07T11:02:49+00:00" />
<meta name="twitter:card" content="summary_large_image" />
<script type="application/ld+json" class="yoast-schema-graph">{"@context":"https://schema.org","@graph":[{"@type":"WebPage","@id":"https://deafblindness.info/es/resource/memoria-anual-2023/","url":"https://deafblindness.info/es/resource/memoria-anual-2023/","name":"Memoria Anual 2023 - Global Deafblindness Resource Hub","isPartOf":{"@id":"https://deafblindness.info/es/#website"},"datePublished":"2024-06-03T13:31:47+00:00","dateModified":"2025-01-07T11:02:49+00:00","breadcrumb":{"@id":"https://deafblindness.info/es/resource/memoria-anual-2023/#breadcrumb"},"inLanguage":"es","potentialAction":[{"@type":"ReadAction","target":["https://deafblindness.info/es/resource/memoria-anual-2023/"]}]},{"@type":"BreadcrumbList","@id":"https://deafblindness.info/es/resource/memoria-anual-2023/#breadcrumb","itemListElement":[{"@type":"ListItem","position":1,"name":"Home","item":"https://deafblindness.info/es/"},{"@type":"ListItem","position":2,"name":"Memoria Anual 2023"}]},{"@type":"WebSite","@id":"https://deafblindness.info/es/#website","url":"https://deafblindness.info/es/","name":"Global Deafblindness Resource Hub","description":"Connecting people with deafblindness to the world around them","publisher":{"@id":"https://deafblindness.info/es/#organization"},"potentialAction":[{"@type":"SearchAction","target":{"@type":"EntryPoint","urlTemplate":"https://deafblindness.info/es/?s={search_term_string}"},"query-input":{"@type":"PropertyValueSpecification","valueRequired":true,"valueName":"search_term_string"}}],"inLanguage":"es"},{"@type":"Organization","@id":"https://deafblindness.info/es/#organization","name":"Global Deafblindness Resource Hub","url":"https://deafblindness.info/es/","logo":{"@type":"ImageObject","inLanguage":"es","@id":"https://deafblindness.info/es/#/schema/logo/image/","url":"https://deafblindness.info/wp-content/uploads/2024/09/logo-icon.svg","contentUrl":"https://deafblindness.info/wp-content/uploads/2024/09/logo-icon.svg","width":50,"height":50,"caption":"Global Deafblindness Resource Hub"},"image":{"@id":"https://deafblindness.info/es/#/schema/logo/image/"}}]}</script>
<!-- / Yoast SEO plugin. -->

Lea sobre los logros de Sense International Perú en 2023, destacando el éxito de diversos proyectos y actividades.
